{"id":358,"date":"2018-03-30T23:57:48","date_gmt":"2018-03-30T21:57:48","guid":{"rendered":"https:\/\/ermitaberriip.educacion.navarra.es\/web\/?page_id=358"},"modified":"2018-05-15T23:05:00","modified_gmt":"2018-05-15T21:05:00","slug":"asociacion-de-padres-y-madres","status":"publish","type":"page","link":"https:\/\/ermitaberriip.educacion.navarra.es\/web\/es\/asociacion-de-padres-y-madres\/","title":{"rendered":"Asociaci\u00f3n de Padres y Madres"},"content":{"rendered":"<p>La participaci\u00f3n de las familias en el centro es muy importante. Su colaboraci\u00f3n, tanto con el profesorado como con el equipo directivo, repercute notablemente en el buen funcionamiento del Centro. La comunicaci\u00f3n entre familias y profesorado es permanente y la aportaci\u00f3n de todos y todas mejora la vida escolar. A lo largo del curso los representantes de la APYMA y la Direcci\u00f3n del centro se reunir\u00e1n siempre que sea necesario.<\/p>\n<p>La APYMA tiene su propia web en la siguiente direcci\u00f3n: <a href=\"https:\/\/apymaermitaberri.wordpress.com\/\" target=\"_blank\" rel=\"noopener\">https:\/\/apymaermitaberri.wordpress.com\/<\/a><\/p>\n<p>Tambi\u00e9n tiene disponible una direcci\u00f3n de correo electr\u00f3nico como medio de contacto: <strong>gubaigu.ermitaberri@gmail.com<\/strong><\/p>\n<p>Adem\u00e1s, puedes visitar <a href=\"https:\/\/apymaermitaberri.wordpress.com\/blog\/\" target=\"_blank\" rel=\"noopener\">el blog de la APYMA<\/a>, accesible tambi\u00e9n desde el men\u00fa principal de la web de Ermitaberri, junto con el resto de blogs del colegio. En este blog iremos publicando las \u00faltimas noticias y novedades de la APYMA.<\/p>\n<p>La participaci\u00f3n se centra en:<\/p>\n<ul style=\"list-style-type: disc;\">\n<li>Participar en el Consejo Escolar.<\/li>\n<li>Informar a las familias sobre la vida del centro.<\/li>\n<li>Organizar actividades para la formaci\u00f3n de padres y madres.<\/li>\n<li>Organizar actividades extraescolares para los alumnos\/as.<\/li>\n<li>Coordinar la organizaci\u00f3n y actividad del Comedor, local para la siesta de los alumnos\/as de 3 a\u00f1os, etc.<\/li>\n<li>Organizar el servicio de guarder\u00eda.<\/li>\n<li>Organizar la Semana Cultural y ayudar en la organizaci\u00f3n de las celebraciones habituales.<\/li>\n<\/ul>\n<p>Todas estas actividades se concretan en diversas comisiones:<\/p>\n<h4><strong>Guarder\u00eda<\/strong><\/h4>\n<p>Hay una serie de horarios en los que traer al ni\u00f1o\/a antes a la escuela, incluso en d\u00edas puntuales. La persona que est\u00e1 en guarder\u00eda es Lukertze y pod\u00e9is hablar con ella de 9:00 a 9:30 en la oficina del Jantoki. M\u00e1s informaci\u00f3n <a href=\"https:\/\/ermitaberriip.educacion.navarra.es\/web\/es\/guarderia\/\" target=\"_blank\" rel=\"noopener\">aqu\u00ed<\/a>.<\/p>\n<h4><strong>Actividades extraescolares<\/strong><\/h4>\n<p>Actividades organizadas para los alumnos\/as que se realizan despu\u00e9s de comer o despu\u00e9s de clase con un amplio abanico de ofertas. A estas actividades se apunta en septiembre.<\/p>\n<h4><strong>Relaci\u00f3n con Apymas<\/strong><\/h4>\n<p>Son las encargadas, por resumir, de estar en contacto con el resto de Apymas de Burlada durante todo el a\u00f1o. Organizan, entre otras cosas, la Semana Cultural de Burlada.<\/p>\n<h4><strong>Cumplea\u00f1os<\/strong><\/h4>\n<p>Es la posibilidad de celebrar todos los mi\u00e9rcoles desde octubre a mayo, (en junio y septiembre se podr\u00edan celebrar todos los d\u00edas), los cumplea\u00f1os de nuestros hijos\/as en el jantoki, tanto a nivel particular como de clases. Hay que reservar para llevar control de qui\u00e9n y cu\u00e1ndo.<\/p>\n<h4><strong>Korrika<\/strong><\/h4>\n<p>Acudir a las reuniones para la preparaci\u00f3n de la Korrika Txiki. Esta festividad se realiza cada 2 a\u00f1os, en a\u00f1os impares.<\/p>\n<h4><strong>Prematriculaci\u00f3n<\/strong><\/h4>\n<p>Animar a nuevos padres a que elijan el modelo D para la educaci\u00f3n de sus hijos\/as, organizando distintas actividades. Los 2 \u00faltimos a\u00f1os hemos salido a la calle un s\u00e1bado para realizarlas.<\/p>\n<h4><strong>Consejo Escolar<\/strong><\/h4>\n<p>Desde la Apyma va una persona a las reuniones del <a href=\"https:\/\/ermitaberriip.educacion.navarra.es\/web\/es\/247-2\/\" target=\"_blank\" rel=\"noopener\">Consejo Escolar<\/a>, donde se pueden llevar vuestras propuestas y debatirlas all\u00ed. Tambi\u00e9n hay representantes de padres y madres a titulo individual, hasta un total de cuatro.<\/p>\n<h4><strong>Sortzen Ikasbatuaz<\/strong><\/h4>\n<p>Su cometido es acudir a las reuniones que se organizan m\u00e1s o menos cada 15 d\u00edas e informar de los contenidos que se tratan.<\/p>\n<h4><strong>Comedor<\/strong><\/h4>\n<p>Organizado desde la Apyma, llevamos el seguimiento de pago de cuotas entre otras cosas.<\/p>\n<h4><strong>Formaci\u00f3n<\/strong><\/h4>\n<p>Se encarga de organizar cursos durante el a\u00f1o (Educaci\u00f3n Emocional, etc).<\/p>\n<p>&nbsp;<\/p>\n<h3><strong>COMISI\u00d3N DE FIESTAS<\/strong><\/h3>\n<h4><strong>Olentzero<\/strong><\/h4>\n<p>Nos encargamos de la decoraci\u00f3n del colegio para esos d\u00edas, la salida por las calles de Burlada el \u00faltimo d\u00eda de clase de diciembre y colaboramos, junto a algunas gelas, con organismos populares para el desarrollo del Olentzero el d\u00eda 24.<\/p>\n<h4><strong>Semana Cultural<\/strong><\/h4>\n<p>Se realiza la \u00faltima semana de mayo. Se hacen distintas actividades dirigidas tanto a padres y madres como para el alumnado y como colof\u00f3n, se prepara una comida para todo aquel que quiera apuntarse el s\u00e1bado.<\/p>\n<h4><strong>Carnaval<\/strong><\/h4>\n<p>Esta comisi\u00f3n hace el mu\u00f1eco que representa a Lucas de Aierbe y ayuda a organismos populares al buen desarrollo del mismo en las fechas que toca organizar esta actividad, de normal febrero-marzo.<\/p>\n<p>&nbsp;<\/p>\n<p>Adem\u00e1s de ello, participamos en los Consejos de Participaci\u00f3n Ciudadana del Ayuntamiento en las \u00e1reas de Euskera, Educaci\u00f3n y Diversidad Cultural.<\/p>\n","protected":false},"excerpt":{"rendered":"<p>La participaci\u00f3n de las familias en el centro es muy importante. Su colaboraci\u00f3n, tanto con el profesorado como con el equipo directivo, repercute notablemente en el buen funcionamiento del Centro. La comunicaci\u00f3n entre familias y profesorado es permanente y la aportaci\u00f3n de todos y todas mejora la vida escolar. A lo largo del curso los [&hellip;]<\/p>\n","protected":false},"author":1,"featured_media":0,"parent":0,"menu_order":0,"comment_status":"closed","ping_status":"closed","template":"","meta":{"_editorskit_title_hidden":false,"_editorskit_reading_time":0,"_editorskit_is_block_options_detached":false,"_editorskit_block_options_position":"{}","_genesis_hide_title":false,"_genesis_hide_breadcrumbs":false,"_genesis_hide_singular_image":false,"_genesis_hide_footer_widgets":false,"_genesis_custom_body_class":"","_genesis_custom_post_class":"","_genesis_layout":"","footnotes":""},"_links":{"self":[{"href":"https:\/\/ermitaberriip.educacion.navarra.es\/web\/es\/wp-json\/wp\/v2\/pages\/358"}],"collection":[{"href":"https:\/\/ermitaberriip.educacion.navarra.es\/web\/es\/wp-json\/wp\/v2\/pages"}],"about":[{"href":"https:\/\/ermitaberriip.educacion.navarra.es\/web\/es\/wp-json\/wp\/v2\/types\/page"}],"author":[{"embeddable":true,"href":"https:\/\/ermitaberriip.educacion.navarra.es\/web\/es\/wp-json\/wp\/v2\/users\/1"}],"replies":[{"embeddable":true,"href":"https:\/\/ermitaberriip.educacion.navarra.es\/web\/es\/wp-json\/wp\/v2\/comments?post=358"}],"version-history":[{"count":6,"href":"https:\/\/ermitaberriip.educacion.navarra.es\/web\/es\/wp-json\/wp\/v2\/pages\/358\/revisions"}],"predecessor-version":[{"id":4626,"href":"https:\/\/ermitaberriip.educacion.navarra.es\/web\/es\/wp-json\/wp\/v2\/pages\/358\/revisions\/4626"}],"wp:attachment":[{"href":"https:\/\/ermitaberriip.educacion.navarra.es\/web\/es\/wp-json\/wp\/v2\/media?parent=358"}],"curies":[{"name":"wp","href":"https:\/\/api.w.org\/{rel}","templated":true}]}}

Asociación de Padres y Madres

<p>La participación de las familias en el centro es muy importante. Su colaboración, tanto con el profesorado como con el equipo directivo, repercute notablemente en el buen funcionamiento del Centro. La comunicación entre familias y profesorado es permanente y la aportación de todos y todas mejora la vida escolar. A lo largo del curso los representantes de la APYMA y la Dirección del centro se reunirán siempre que sea necesario.</p>
<p>La APYMA tiene su propia web en la siguiente dirección: <a href="https://apymaermitaberri.wordpress.com/" target="_blank" rel="noopener">https://apymaermitaberri.wordpress.com/</a></p>
<p>También tiene disponible una dirección de correo electrónico como medio de contacto: <strong>gubaigu.ermitaberri@gmail.com</strong></p>
<p>Además, puedes visitar <a href="https://apymaermitaberri.wordpress.com/blog/" target="_blank" rel="noopener">el blog de la APYMA</a>, accesible también desde el menú principal de la web de Ermitaberri, junto con el resto de blogs del colegio. En este blog iremos publicando las últimas noticias y novedades de la APYMA.</p>
<p>La participación se centra en:</p>
<ul style="list-style-type: disc;">
<li>Participar en el Consejo Escolar.</li>
<li>Informar a las familias sobre la vida del centro.</li>
<li>Organizar actividades para la formación de padres y madres.</li>
<li>Organizar actividades extraescolares para los alumnos/as.</li>
<li>Coordinar la organización y actividad del Comedor, local para la siesta de los alumnos/as de 3 años, etc.</li>
<li>Organizar el servicio de guardería.</li>
<li>Organizar la Semana Cultural y ayudar en la organización de las celebraciones habituales.</li>
</ul>
<p>Todas estas actividades se concretan en diversas comisiones:</p>
<h4><strong>Guardería</strong></h4>
<p>Hay una serie de horarios en los que traer al niño/a antes a la escuela, incluso en días puntuales. La persona que está en guardería es Lukertze y podéis hablar con ella de 9:00 a 9:30 en la oficina del Jantoki. Más información <a href="https://ermitaberriip.educacion.navarra.es/web/es/guarderia/" target="_blank" rel="noopener">aquí</a>.</p>
<h4><strong>Actividades extraescolares</strong></h4>
<p>Actividades organizadas para los alumnos/as que se realizan después de comer o después de clase con un amplio abanico de ofertas. A estas actividades se apunta en septiembre.</p>
<h4><strong>Relación con Apymas</strong></h4>
<p>Son las encargadas, por resumir, de estar en contacto con el resto de Apymas de Burlada durante todo el año. Organizan, entre otras cosas, la Semana Cultural de Burlada.</p>
<h4><strong>Cumpleaños</strong></h4>
<p>Es la posibilidad de celebrar todos los miércoles desde octubre a mayo, (en junio y septiembre se podrían celebrar todos los días), los cumpleaños de nuestros hijos/as en el jantoki, tanto a nivel particular como de clases. Hay que reservar para llevar control de quién y cuándo.</p>
<h4><strong>Korrika</strong></h4>
<p>Acudir a las reuniones para la preparación de la Korrika Txiki. Esta festividad se realiza cada 2 años, en años impares.</p>
<h4><strong>Prematriculación</strong></h4>
<p>Animar a nuevos padres a que elijan el modelo D para la educación de sus hijos/as, organizando distintas actividades. Los 2 últimos años hemos salido a la calle un sábado para realizarlas.</p>
<h4><strong>Consejo Escolar</strong></h4>
<p>Desde la Apyma va una persona a las reuniones del <a href="https://ermitaberriip.educacion.navarra.es/web/es/247-2/" target="_blank" rel="noopener">Consejo Escolar</a>, donde se pueden llevar vuestras propuestas y debatirlas allí. También hay representantes de padres y madres a titulo individual, hasta un total de cuatro.</p>
<h4><strong>Sortzen Ikasbatuaz</strong></h4>
<p>Su cometido es acudir a las reuniones que se organizan más o menos cada 15 días e informar de los contenidos que se tratan.</p>
<h4><strong>Comedor</strong></h4>
<p>Organizado desde la Apyma, llevamos el seguimiento de pago de cuotas entre otras cosas.</p>
<h4><strong>Formación</strong></h4>
<p>Se encarga de organizar cursos durante el año (Educación Emocional, etc).</p>
<p>&nbsp;</p>
<h3><strong>COMISIÓN DE FIESTAS</strong></h3>
<h4><strong>Olentzero</strong></h4>
<p>Nos encargamos de la decoración del colegio para esos días, la salida por las calles de Burlada el último día de clase de diciembre y colaboramos, junto a algunas gelas, con organismos populares para el desarrollo del Olentzero el día 24.</p>
<h4><strong>Semana Cultural</strong></h4>
<p>Se realiza la última semana de mayo. Se hacen distintas actividades dirigidas tanto a padres y madres como para el alumnado y como colofón, se prepara una comida para todo aquel que quiera apuntarse el sábado.</p>
<h4><strong>Carnaval</strong></h4>
<p>Esta comisión hace el muñeco que representa a Lucas de Aierbe y ayuda a organismos populares al buen desarrollo del mismo en las fechas que toca organizar esta actividad, de normal febrero-marzo.</p>
<p>&nbsp;</p>
<p>Además de ello, participamos en los Consejos de Participación Ciudadana del Ayuntamiento en las áreas de Euskera, Educación y Diversidad Cultural.</p>

<p>La participación de las familias en el centro es muy importante. Su colaboración, tanto con el profesorado como con el equipo directivo, repercute notablemente en el buen funcionamiento del Centro. La comunicación entre familias y profesorado es permanente y la aportación de todos y todas mejora la vida escolar. A lo largo del curso los [&hellip;]</p>
