{"id":2080,"date":"2018-04-19T13:45:09","date_gmt":"2018-04-19T11:45:09","guid":{"rendered":"https:\/\/ermitaberriip.educacion.navarra.es\/web\/?page_id=2080"},"modified":"2021-06-08T12:29:32","modified_gmt":"2021-06-08T10:29:32","slug":"ene-kantak-eta-ermitaberri","status":"publish","type":"page","link":"https:\/\/ermitaberriip.educacion.navarra.es\/web\/ene-kantak-eta-ermitaberri\/","title":{"rendered":"Ene Kantak eta Ermitaberri"},"content":{"rendered":"<div id='gallery-1' class='gallery galleryid-2080 gallery-columns-4 gallery-size-full'><dl class='gallery-item'>\n\t\t\t<dt class='gallery-icon landscape'>\n\t\t\t\t<a href='https:\/\/ermitaberriip.educacion.navarra.es\/web\/wp-content\/uploads\/2018\/04\/Ene-Kantak-Ermitaberri-1.jpg'><img fetchpriority=\"high\" decoding=\"async\" width=\"1920\" height=\"1440\" src=\"https:\/\/ermitaberriip.educacion.navarra.es\/web\/wp-content\/uploads\/2018\/04\/Ene-Kantak-Ermitaberri-1.jpg\" class=\"attachment-full size-full\" alt=\"\" srcset=\"https:\/\/ermitaberriip.educacion.navarra.es\/web\/wp-content\/uploads\/2018\/04\/Ene-Kantak-Ermitaberri-1.jpg 1920w, https:\/\/ermitaberriip.educacion.navarra.es\/web\/wp-content\/uploads\/2018\/04\/Ene-Kantak-Ermitaberri-1-300x225.jpg 300w, https:\/\/ermitaberriip.educacion.navarra.es\/web\/wp-content\/uploads\/2018\/04\/Ene-Kantak-Ermitaberri-1-768x576.jpg 768w, https:\/\/ermitaberriip.educacion.navarra.es\/web\/wp-content\/uploads\/2018\/04\/Ene-Kantak-Ermitaberri-1-1024x768.jpg 1024w, https:\/\/ermitaberriip.educacion.navarra.es\/web\/wp-content\/uploads\/2018\/04\/Ene-Kantak-Ermitaberri-1-800x600.jpg 800w, https:\/\/ermitaberriip.educacion.navarra.es\/web\/wp-content\/uploads\/2018\/04\/Ene-Kantak-Ermitaberri-1-550x413.jpg 550w, https:\/\/ermitaberriip.educacion.navarra.es\/web\/wp-content\/uploads\/2018\/04\/Ene-Kantak-Ermitaberri-1-350x263.jpg 350w, https:\/\/ermitaberriip.educacion.navarra.es\/web\/wp-content\/uploads\/2018\/04\/Ene-Kantak-Ermitaberri-1-260x195.jpg 260w\" sizes=\"(max-width: 1920px) 100vw, 1920px\" \/><\/a>\n\t\t\t<\/dt><\/dl><dl class='gallery-item'>\n\t\t\t<dt class='gallery-icon landscape'>\n\t\t\t\t<a href='https:\/\/ermitaberriip.educacion.navarra.es\/web\/wp-content\/uploads\/2018\/04\/Ene-Kantak-Ermitaberri-2.jpg'><img decoding=\"async\" width=\"1920\" height=\"1440\" src=\"https:\/\/ermitaberriip.educacion.navarra.es\/web\/wp-content\/uploads\/2018\/04\/Ene-Kantak-Ermitaberri-2.jpg\" class=\"attachment-full size-full\" alt=\"\" srcset=\"https:\/\/ermitaberriip.educacion.navarra.es\/web\/wp-content\/uploads\/2018\/04\/Ene-Kantak-Ermitaberri-2.jpg 1920w, https:\/\/ermitaberriip.educacion.navarra.es\/web\/wp-content\/uploads\/2018\/04\/Ene-Kantak-Ermitaberri-2-300x225.jpg 300w, https:\/\/ermitaberriip.educacion.navarra.es\/web\/wp-content\/uploads\/2018\/04\/Ene-Kantak-Ermitaberri-2-768x576.jpg 768w, https:\/\/ermitaberriip.educacion.navarra.es\/web\/wp-content\/uploads\/2018\/04\/Ene-Kantak-Ermitaberri-2-1024x768.jpg 1024w, https:\/\/ermitaberriip.educacion.navarra.es\/web\/wp-content\/uploads\/2018\/04\/Ene-Kantak-Ermitaberri-2-800x600.jpg 800w, https:\/\/ermitaberriip.educacion.navarra.es\/web\/wp-content\/uploads\/2018\/04\/Ene-Kantak-Ermitaberri-2-550x413.jpg 550w, https:\/\/ermitaberriip.educacion.navarra.es\/web\/wp-content\/uploads\/2018\/04\/Ene-Kantak-Ermitaberri-2-350x263.jpg 350w, https:\/\/ermitaberriip.educacion.navarra.es\/web\/wp-content\/uploads\/2018\/04\/Ene-Kantak-Ermitaberri-2-260x195.jpg 260w\" sizes=\"(max-width: 1920px) 100vw, 1920px\" \/><\/a>\n\t\t\t<\/dt><\/dl><dl class='gallery-item'>\n\t\t\t<dt class='gallery-icon landscape'>\n\t\t\t\t<a href='https:\/\/ermitaberriip.educacion.navarra.es\/web\/wp-content\/uploads\/2018\/04\/Ene-Kantak-Ermitaberri-3.jpg'><img decoding=\"async\" width=\"1920\" height=\"1440\" src=\"https:\/\/ermitaberriip.educacion.navarra.es\/web\/wp-content\/uploads\/2018\/04\/Ene-Kantak-Ermitaberri-3.jpg\" class=\"attachment-full size-full\" alt=\"\" srcset=\"https:\/\/ermitaberriip.educacion.navarra.es\/web\/wp-content\/uploads\/2018\/04\/Ene-Kantak-Ermitaberri-3.jpg 1920w, https:\/\/ermitaberriip.educacion.navarra.es\/web\/wp-content\/uploads\/2018\/04\/Ene-Kantak-Ermitaberri-3-300x225.jpg 300w, https:\/\/ermitaberriip.educacion.navarra.es\/web\/wp-content\/uploads\/2018\/04\/Ene-Kantak-Ermitaberri-3-768x576.jpg 768w, https:\/\/ermitaberriip.educacion.navarra.es\/web\/wp-content\/uploads\/2018\/04\/Ene-Kantak-Ermitaberri-3-1024x768.jpg 1024w, https:\/\/ermitaberriip.educacion.navarra.es\/web\/wp-content\/uploads\/2018\/04\/Ene-Kantak-Ermitaberri-3-800x600.jpg 800w, https:\/\/ermitaberriip.educacion.navarra.es\/web\/wp-content\/uploads\/2018\/04\/Ene-Kantak-Ermitaberri-3-550x413.jpg 550w, https:\/\/ermitaberriip.educacion.navarra.es\/web\/wp-content\/uploads\/2018\/04\/Ene-Kantak-Ermitaberri-3-350x263.jpg 350w, https:\/\/ermitaberriip.educacion.navarra.es\/web\/wp-content\/uploads\/2018\/04\/Ene-Kantak-Ermitaberri-3-260x195.jpg 260w\" sizes=\"(max-width: 1920px) 100vw, 1920px\" \/><\/a>\n\t\t\t<\/dt><\/dl><dl class='gallery-item'>\n\t\t\t<dt class='gallery-icon landscape'>\n\t\t\t\t<a href='https:\/\/ermitaberriip.educacion.navarra.es\/web\/wp-content\/uploads\/2018\/04\/Ene-Kantak-Ermitaberri-4.jpg'><img loading=\"lazy\" decoding=\"async\" width=\"1920\" height=\"1440\" src=\"https:\/\/ermitaberriip.educacion.navarra.es\/web\/wp-content\/uploads\/2018\/04\/Ene-Kantak-Ermitaberri-4.jpg\" class=\"attachment-full size-full\" alt=\"\" srcset=\"https:\/\/ermitaberriip.educacion.navarra.es\/web\/wp-content\/uploads\/2018\/04\/Ene-Kantak-Ermitaberri-4.jpg 1920w, https:\/\/ermitaberriip.educacion.navarra.es\/web\/wp-content\/uploads\/2018\/04\/Ene-Kantak-Ermitaberri-4-300x225.jpg 300w, https:\/\/ermitaberriip.educacion.navarra.es\/web\/wp-content\/uploads\/2018\/04\/Ene-Kantak-Ermitaberri-4-768x576.jpg 768w, https:\/\/ermitaberriip.educacion.navarra.es\/web\/wp-content\/uploads\/2018\/04\/Ene-Kantak-Ermitaberri-4-1024x768.jpg 1024w, https:\/\/ermitaberriip.educacion.navarra.es\/web\/wp-content\/uploads\/2018\/04\/Ene-Kantak-Ermitaberri-4-800x600.jpg 800w, https:\/\/ermitaberriip.educacion.navarra.es\/web\/wp-content\/uploads\/2018\/04\/Ene-Kantak-Ermitaberri-4-550x413.jpg 550w, https:\/\/ermitaberriip.educacion.navarra.es\/web\/wp-content\/uploads\/2018\/04\/Ene-Kantak-Ermitaberri-4-350x263.jpg 350w, https:\/\/ermitaberriip.educacion.navarra.es\/web\/wp-content\/uploads\/2018\/04\/Ene-Kantak-Ermitaberri-4-260x195.jpg 260w\" sizes=\"(max-width: 1920px) 100vw, 1920px\" \/><\/a>\n\t\t\t<\/dt><\/dl><br style=\"clear: both\" \/>\n\t\t<\/div>\n\n<p><a href=\"https:\/\/enekantak.org\/\" target=\"_blank\" rel=\"noopener\">Ene Kantak<\/a>\u00a02011 urtean sortutako proiektua da. Taldeak urte horretan lehenbiziko diska argitaratu zuen, <a href=\"https:\/\/enekantak.org\/diskografia\/\" target=\"_blank\" rel=\"noopener\">Ene Kantak<\/a> izenekoa. 2013ko apirilean antzezlanak egiten hasi ziren, Urko, urte askotan zehar Ermitaberriko irakasle, eta Liebana, gure Euskaraz\u00a0Mintza\u00a0proiektuko monitore izandakoa eta\u00a0<a href=\"https:\/\/www.liebanaillustration.com\/\" target=\"_blank\" rel=\"noopener\">ilustratzailea<\/a>\u00a0aldi berean, antzezlan horien buru zirelarik. Garai hartan, Ermitaberriko irakasle zen Josetxo Oloriz-ek ere bere laguntza eskaini zuen abestiak sortzeko eta bideoklip-ak grabatzeko, Ermitaberriko haurrek egin zuten bezala.<\/p>\n<p>2013ko abenduan Oianek, gure Musika irakasleak, Liebana ordezkatu zuen eta, harrez geroztik, Ene Kantak-eko kantari eta antzezlari ospetsua bihurtu da.<\/p>\n<p>Ene Kantak\u00a0eta Ermitaberri, beraz, anai-arrebak gara.\u00a0Ene\u00a0Kantak-ek haur abestiak eta bideoak <a href=\"https:\/\/ermitaberriip.educacion.navarra.es\/web\/ene-kantak-ermitaberrin\/\" target=\"_blank\" rel=\"noopener\">Ermitaberriko ikasleekin\u00a0sortzen eta grabatzen jarraitzen du<\/a>, eta arrakasta itzela lortu dute; hala nola, <a href=\"https:\/\/ermitaberriip.educacion.navarra.es\/web\/blog\/ole-olentzero-ene-kantak-en-grabaketa\/\" target=\"_blank\" rel=\"noopener\">Ermitaberrin izan genuen\u00a0Ole-Olentzero bideoklip-aren grabaketak<\/a> dagoeneko 3.500.000 bisitatik gora izan ditu Interneten.<\/p>\n<p>Ene\u00a0Kantak-ekin lagun askok abesten dute: Manolo Garc\u00eda, el Drogas, Zuri\u00f1e (Hesian), Kutxi Romero, Oinatz Bengoetxea, Estitxu Fern\u00e1ndez, Barriola, Irujo, San Jos\u00e9, Markel Bergara, Oier Sanjurjo, Berri Txarrak, Txantreako Erraldoiak,&#8230;denetarik aurkituko duzu beraiekin abesten.<\/p>\n","protected":false},"excerpt":{"rendered":"<p>Ene Kantak\u00a02011 urtean sortutako proiektua da. Taldeak urte horretan lehenbiziko diska argitaratu zuen, Ene Kantak izenekoa. 2013ko apirilean antzezlanak egiten hasi ziren, Urko, urte askotan zehar Ermitaberriko irakasle, eta Liebana, gure Euskaraz\u00a0Mintza\u00a0proiektuko monitore izandakoa eta\u00a0ilustratzailea\u00a0aldi berean, antzezlan horien buru zirelarik. Garai hartan, Ermitaberriko irakasle zen Josetxo Oloriz-ek ere bere laguntza eskaini zuen abestiak sortzeko eta [&hellip;]<\/p>\n","protected":false},"author":1,"featured_media":2270,"parent":0,"menu_order":0,"comment_status":"closed","ping_status":"closed","template":"","meta":{"_editorskit_title_hidden":false,"_editorskit_reading_time":0,"_editorskit_is_block_options_detached":false,"_editorskit_block_options_position":"{}","_genesis_hide_title":false,"_genesis_hide_breadcrumbs":false,"_genesis_hide_singular_image":false,"_genesis_hide_footer_widgets":false,"_genesis_custom_body_class":"","_genesis_custom_post_class":"","_genesis_layout":"","footnotes":""},"_links":{"self":[{"href":"https:\/\/ermitaberriip.educacion.navarra.es\/web\/wp-json\/wp\/v2\/pages\/2080"}],"collection":[{"href":"https:\/\/ermitaberriip.educacion.navarra.es\/web\/wp-json\/wp\/v2\/pages"}],"about":[{"href":"https:\/\/ermitaberriip.educacion.navarra.es\/web\/wp-json\/wp\/v2\/types\/page"}],"author":[{"embeddable":true,"href":"https:\/\/ermitaberriip.educacion.navarra.es\/web\/wp-json\/wp\/v2\/users\/1"}],"replies":[{"embeddable":true,"href":"https:\/\/ermitaberriip.educacion.navarra.es\/web\/wp-json\/wp\/v2\/comments?post=2080"}],"version-history":[{"count":8,"href":"https:\/\/ermitaberriip.educacion.navarra.es\/web\/wp-json\/wp\/v2\/pages\/2080\/revisions"}],"predecessor-version":[{"id":14781,"href":"https:\/\/ermitaberriip.educacion.navarra.es\/web\/wp-json\/wp\/v2\/pages\/2080\/revisions\/14781"}],"wp:featuredmedia":[{"embeddable":true,"href":"https:\/\/ermitaberriip.educacion.navarra.es\/web\/wp-json\/wp\/v2\/media\/2270"}],"wp:attachment":[{"href":"https:\/\/ermitaberriip.educacion.navarra.es\/web\/wp-json\/wp\/v2\/media?parent=2080"}],"curies":[{"name":"wp","href":"https:\/\/api.w.org\/{rel}","templated":true}]}}